s the units digit of 7375?
5
What is the hundreds digit of 78809?
8
What is the hundreds digit of 8540?
5
What is the units digit of 4561?
1
What is the thousands digit of 7511?
7
What is the hundreds digit of 501?
5
What is the tens digit of 87667?
6
What is the tens digit of 1220?
2
What is the tens digit of 131?
3
What is the units digit of 7391?
1
What is the hundreds digit of 532?
5
What is the hundreds digit of 3781?
7
What is the thousands digit of 3381?
3
What is the thousands digit of 7893?
7
What is the tens digit of 9624?
2
What is the units digit of 29740?
0
What is the tens digit of 7027?
2
What is the hundreds digit of 9178?
1
What is the units digit of 110083?
3
What is the hundreds digit of 621?
6
What is the ten thousands digit of 59082?
5
What is the hundreds digit of 1128?
1
What is the units digit of 19187?
7
What is the ten thousands digit of 10526?
1
What is the tens digit of 27805?
0
What is the units digit of 1739?
9
What is the hundreds digit of 97517?
5
What is the units digit of 14523?
3
What is the tens digit of 366?
6
What is the units digit of 44025?
5
What is the tens digit of 4413?
1
What is the units digit of 8634?
4
What is the tens digit of 11270?
7
What is the thousands digit of 1601?
1
What is the tens digit of 4883?
8
What is the hundreds digit of 35741?
7
What is the thousands digit of 1929?
1
What is the ten thousands digit of 141749?
4
What is the tens digit of 1351?
5
What is the thousands digit of 2614?
2
What is the units digit of 5467?
7
What is the thousands digit of 1885?
1
What is the ten thousands digit of 21760?
2
What is the tens digit of 13?
1
What is the hundreds digit of 24708?
7
What is the ten thousands digit of 13033?
1
What is the tens digit of 2205?
0
What is the ten thousands digit of 41567?
4
What is the tens digit of 37995?
9
What is the thousands digit of 119567?
9
What is the units digit of 265?
5
What is the ten thousands digit of 10572?
1
What is the hundreds digit of 28953?
9
What is the tens digit of 444?
4
What is the hundreds digit of 22259?
2
What is the units digit of 1706?
6
What is the thousands digit of 10484?
0
What is the units digit of 9401?
1
What is the tens digit of 56802?
0
What is the tens digit of 16?
1
What is the units digit of 675?
5
What is the tens digit of 15184?
8
What is the hundreds digit of 2653?
6
What is the thousands digit of 26818?
6
What is the thousands digit of 2473?
2
What is the thousands digit of 86893?
6
What is the thousands digit of 2662?
2
What is the hundreds digit of 3284?
2
What is the tens digit of 793?
9
What is the hundreds digit of 1488?
4
What is the units digit of 977?
7
What is the tens digit of 23353?
5
What is the units digit of 11233?
3
What is the hundreds digit of 713?
7
What is the ten thousands digit of 15187?
1
What is the hundreds digit of 679?
6
What is the tens digit of 1346?
4
What is the ten thousands digit of 13303?
1
What is the hundreds digit of 32157?
1
What is the units digit of 1207?
7
What is the tens digit of 1642?
4
What is the hundreds digit of 25362?
3
What is the thousands digit of 57576?
7
What is the units digit of 341?
1
What is the units digit of 19696?
6
What is the hundred thousands digit of 100290?
1
What is the hundreds digit of 110634?
6
What is the tens digit of 4623?
2
What is the tens digit of 6827?
2
What is the hundreds digit of 2356?
3
What is the thousands digit of 24182?
4
What is the thousands digit of 4938?
4
What is the thousands digit of 9892?
9
What is the thousands digit of 11503?
1
What is the units digit of 795?
5
What is the thousands digit of 7114?
7
What is the ten thousands digit of 27030?
2
What is the tens digit of 15?
1
What is the units digit of 5385?
5
What is the thousands digit of 12017?
2
What is the ten thousands digit of 39405?
3
What is the tens digit of 238?
3
What is the ten thousands digit of 14217?
1
What is the ten thousands digit of 24642?
2
What is the units digit of 5079?
9
What is the tens digit of 78090?
9
What is the ten thousands digit of 72738?
7
What is the thousands digit of 15093?
5
What is the units digit of 1744?
4
What is the units digit of 1212?
2
What is the units digit of 3910?
0
What is the tens digit of 351?
5
What is the hundreds digit of 1128?
1
What is the ten thousands digit of 17355?
1
What is the ten thousands digit of 16325?
1
What is the tens digit of 129?
2
What is the units digit of 20015?
5
What is the units digit of 79376?
6
What is the tens digit of 32?
3
What is the tens digit of 79294?
9
What is the ten thousands digit of 10954?
1
What is the thousands digit of 9299?
9
What is the units digit of 287?
7
What is the hundreds digit of 214?
2
What is the thousands digit of 33981?
3
What is the ten thousands digit of 20223?
2
What is the hundreds digit of 392?
3
What is the units digit of 907?
7
What is the thousands digit of 6634?
6
What is the units digit of 2696?
6
What is the units digit of 7447?
7
What is the units digit of 110?
0
What is the ten thousands digit of 81228?
8
What is the tens digit of 871?
7
What is the hundreds digit of 323?
3
What is the tens digit of 35752?
5
What is the thousands digit of 1304?
1
What is the thousands digit of 26675?
6
What is the tens digit of 6028?
2
What is the units digit of 1241?
1
What is the tens digit of 290?
9
What is the hundreds digit of 1905?
9
What is the thousands digit of 4151?
4
What is the units digit of 191?
1
What is the units digit of 5189?
9
What is the hundreds digit of 452?
4
What is the thousands digit of 1498?
1
What is the thousands digit of 119964?
9
What is the ten thousands digit of 18072?
1
What is the hundreds digit of 5338?
3
What is the tens digit of 45717?
1
What is the thousands digit of 10504?
0
What is the hundreds digit of 325?
3
What is the ten thousands digit of 22094?
2
What is the hundreds digit of 489?
4
What is the hundreds digit of 640?
6
What is the hundreds digit of 653?
6
What is the units digit of 788?
8
What is the tens digit of 63584?
8
What is the hundreds digit of 4380?
3
What is the hundreds digit of 300?
3
What is the hundreds digit of 1187?
1
What is the hundreds digit of 15615?
6
What is the tens digit of 9296?
9
What is the tens digit of 8115?
1
What is the units digit of 4817?
7
What is the thousands digit of 19516?
9
What is the thousands digit of 3530?
3
What is the units digit of 567?
7
What is the units digit of 2886?
6
What is the hundreds digit of 568?
5
What is the units digit of 234?
4
What is the tens digit of 6211?
1
What is the units digit of 8212?
2
What is the hundreds digit of 14481?
4
What is the units digit of 2344?
4
What is the thousands digit of 11002?
1
What is the units digit of 888?
8
What is the thousands digit of 109791?
9
What is the tens digit of 588?
8
What is the tens digit of 581?
8
What is the units digit of 34345?
5
What is the thousands digit of 87896?
7
What is the tens digit of 15872?
7
What is the units digit of 1364?
4
What is the tens digit of 22614?
1
What is the tens digit of 43409?
0
What is the ten thousands digit of 88771?
8
What is the ten thousands digit of 10475?
1
What is the hundreds digit of 19533?
5
What is the hundreds digit of 6422?
4
What is the thousands digit of 44265?
4
What is the ten thousands digit of 24636?
2
What is the tens digit of 2300?
0
What is the units digit of 1235?
5
What is the hundreds digit of 4919?
9
What is the tens digit of 35950?
5
What is the thousands digit of 13089?
3
What is the tens digit of 3886?
8
What is the thousands digit of 2263?
2
What is the tens digit of 4255?
5
What is the hundreds digit of 11198?
1
What is the thousands digit of 2303?
2
What is the tens digit of 4664?
6
What is the tens digit of 42719?
1
What is the units digit of 26451?
1
What is the tens digit of 1553?
5
What is the tens digit of 1615?
1
What is the hundreds digit of 4787?
7
What is the tens digit of 4084?
8
What is the units digit of 20249?
9
What is the units digit of 3667?
7
What is the thousands digit of 16032?
6
What is the units digit of 201?
1
What is the hundreds digit of 720?
7
What is the units digit of 53042?
2
What is the thousands digit of 1359?
1
What is the thousands digit of 46742?
6
What is the thousands digit of 1035?
1
What is the hundreds digit of 8